000 (base 8) to base 12.
-1840368
What is 2272e (base 15) in base 11?
753a4
Convert 106243 (base 10) to base 15.
2172d
What is 955778 (base 13) in base 7?
41502326
5060775 (base 8) to base 6
44344141
Convert -2202122112 (base 3) to base 7.
-314441
Convert -1014373 (base 10) to base 5.
-224424443
Convert 2016831 (base 9) to base 4.
10012110331
704063 (base 8) to base 6
4543351
What is -3086837 (base 9) in base 10?
-1651867
-2411131 (base 5) to base 8
-126775
Convert -55205 (base 9) to base 10.
-36617
Convert -100202001002101 (base 3) to base 16.
-4f004e
What is -4345441 (base 7) in base 8?
-2020121
1312251 (base 6) to base 10
71815
Convert 211002110 (base 4) to base 3.
21201002112
Convert -1707596 (base 11) to base 9.
-5423281
Convert -20026718 (base 9) to base 12.
-3262382
What is 122223020023 (base 4) in base 16?
6ab20b
Convert 1513405 (base 8) to base 2.
1101001011100000101
What is 33034314 (base 5) in base 9?
472152
What is a27a9 (base 15) in base 7?
4242453
What is -111100210221 (base 3) in base 13?
-92953
Convert 1136460 (base 8) to base 9.
523024
-7db15 (base 14) to base 10
-306759
8861107 (base 9) to base 5
2204422403
-1202132232 (base 4) to base 16
-627ae
What is -b286c (base 16) in base 4?
-2302201230
What is -26482 (base 11) in base 4?
-21033102
-840c94 (base 14) to base 3
-22101112020110
Convert -551546 (base 12) to base 4.
-11021223012
What is 110011111100100010011 (base 2) in base 5?
413432123
What is -375b5 (base 15) in base 5?
-21124140
Convert 120023210320 (base 4) to base 13.
140c317
174bb4 (base 16) to base 12
617618
What is -a0a4c (base 13) in base 16?
-46284
Convert 12303130 (base 4) to base 8.
66334
What is -c4ac (base 15) in base 8?
-121132
What is 132416633 (base 7) in base 13?
1a01494
What is 4413412 (base 8) in base 11?
73a79a
What is 1220134 (base 8) in base 5?
41222324
Convert -217478 (base 10) to base 11.
-139438
Convert 2444345 (base 6) to base 14.
35849
Convert 363276 (base 9) to base 6.
4405323
10101001100101001011000 (base 2) to base 12
1a3b908
What is 422868 (base 12) in base 13?
2a6086
495712 (base 11) to base 13
215804
-77ec16 (base 15) to base 6
-322333203
Convert -15112222 (base 6) to base 4.
-1333220312
5b856 (base 14) to base 6
4444340
What is 40cc1c (base 14) in base 7?
24404635
Convert -2220110202000 (base 3) to base 14.
-2c2c5c
What is 106b0b7 (base 14) in base 9?
15583344
What is 227641 (base 8) in base 4?
102332201
1858140 (base 9) to base 11
652347
-1001000101000101001 (base 2) to base 13
-a5558
-738501 (base 12) to base 16
-1bbfd1
Convert 1849 (base 16) to base 12.
3721
-152421 (base 6) to base 12
-8711
Convert ab8bb (base 14) to base 10.
416077
-27982 (base 14) to base 3
-11222022121
15ac01 (base 15) to base 14
1d43b1
What is -3429749 (base 11) in base 13?
-1321621
Convert -232001303 (base 4) to base 13.
-67a75
1000212013 (base 5) to base 7
22443016
115187 (base 9) to base 2
10000111100100111
-13a659 (base 15) to base 4
-3213010002
13841a5 (base 13) to base 11
353a908
Convert -222121122021 (base 3) to base 14.
-d8cc8
What is 540132213 (base 6) in base 15?
c83a86
Convert 44862b7 (base 12) to base 8.
62021053
What is -21102201020011 (base 3) in base 16?
-3c4819
Convert -38978 (base 12) to base 8.
-227154
-2100323 (base 8) to base 14
-10712b
What is 7634377 (base 8) in base 5?
1010434312
Convert -4aa4809 (base 11) to base 8.
-41604071
-255644 (base 8) to base 4
-111232210
Convert 345001 (base 12) to base 4.
3030213001
Convert -d437d7 (base 15) to base 10.
-10086277
Convert -726b9 (base 12) to base 16.
-2486d
Convert -942626 (base 10) to base 9.
-1686032
Convert 34326 (base 12) to base 7.
406602
2121012201022 (base 3) to base 4
11101121120
Convert 24c65 (base 14) to base 7.
524055
123142444 (base 6) to base 8
11101674
What is -16b67a7 (base 13) in base 2?
-11100001010100011001000
Convert 1676001 (base 9) to base 3.
1202120000001
1205651 (base 7) to base 6
3141432
What is 64306 (base 13) in base 5?
21240132
-59bbe (base 16) to base 3
-200200011222
Convert 43691 (base 11) to base 6.
1205235
-960260 (base 10) to base 7
-11106410
Convert -13303630 (base 7) to base 5.
-303301010
277204 (base 10) to base 15
57204
Convert 10013021312 (base 4) to base 13.
2b97c9
-12202123300 (base 4) to base 11
-a70755
-212573 (base 10) to base 2
-110011111001011101
2a6ada (base 14) to base 2
101101000111100011000
-308966 (base 10) to base 5
-34341331
738ba (base 14) to base 16
4415c
-120203214 (base 6) to base 4
-20212232122
What is -77743 (base 11) in base 2?
-11011100000111010
-140761 (base 9) to base 2
-10100111110011011
123203101 (base 4) to base 14
2d1a9
What is -16a214 (base 12) in base 4?
-1133122300
1351142 (base 7) to base 13
64205
What is -28084 (base 12) in base 8?
-154144
What is 227116 (base 8) in base 7?
441425
15551013 (base 6) to base 13
167469
What is 1982a4 (base 11) in base 9?
512682
What is -111011100100000011 (base 2) in base 15?
-4c44b
Convert -1847604 (base 9) to base 5.
-231120140
Convert 1420340 (base 8) to base 14.
a6520
214231450 (base 6) to base 11
2197300
Convert 12001021220 (base 3) to base 11.
68715
Convert 16b93 (base 14) to base 16.
df4d
Convert -66598 (base 10) to base 7.
-365110
Convert 134314 (base 6) to base 7.
51604
30333211 (base 5) to base 8
740450
-122010210102122 (base 3) to base 14
-12d194d
-1245247 (base 13) to base 7
-66256363
Convert 1201202222111 (base 3) to base 2.
11100000110010001001
Convert -13330020202 (base 4) to base 5.
-1013100224
What is -42311224 (base 5) in base 14?
-92db5
What is -1101000110010001010 (base 2) in base 7?
-3435203
Convert 102433 (base 6) to base 10.
8373
Convert -845c (base 14) to base 10.
-22818
Convert -112220011120102 (base 3) to base 12.
-2798b62
Convert -418208 (base 9) to base 6.
-5155355
Convert -221b8 (base 12) to base 11.
-30a72
Convert 2161644 (base 7) to base 8.
1011654
-10632920 (base 10) to base 3
-202000012121212
-32934 (base 12) to base 9
-111814
-acbc08 (base 14) to base 8
-26314240
Convert 297e4a (base 16) to base 5.
1144004211
What is 81725 (base 10) in base 3?
11011002212
What is 23513050 (base 6) in base 9?
1348033
What is -48653 (base 10) in base 4?
-23320031
-157424 (base 9) to base 5
-11103203
-cb3656 (base 13) to base 7
-55415113
-10110001110010000 (base 2) to base 13
-3257b
59c3d (base 15) to base 2
1000101111000110010
-100111100100001111 (base 2) to base 12
-79953
3980296 (base 12) to base 5
10402114410
96959 (base 14) to base 8
1307023
1a03765 (base 11) to base 14
642474
Convert 16023a (base 12) to base 9.
628411
-2121100012 (base 3) to base 16
-c84e
201250 (base 6) to base 14
5ad8
What is -1393a8 (base 11) in base 15?
-44659
What is -10ba8 (base 15) in base 4?
-31000022
What is -2425770 (base 8) in base 9?
-1225374
Convert -3106131 (base 7) to base 3.
-200220010110
Convert -501435 (base 7) to base 16.
-14a78
Convert 3858002 (base 9) to base 4.
20002000022
2122210012 (base 3) to base 2
1100110001101011
Convert 3cb1e (base 16) to base 4.
330230132
Convert 6b54a (base 15) to base 9.
571207
What is 14a5a6 (base 11) in base 13?
8246a
What is -693b7 (base 14) in base 4?
-332133011
1000101001010101000 (base 2) to base 12
117b48
What is 732e (base 15) in base 2?
101111100011000
Convert 2100121120221 (base 3) to base 15.
19aeed
-1020010000012 (base 3) to base 8
-2370723
-13231023200 (base 4) to base 9
-3718005
Convert 642271 (base 8) to base 10.
214201
What is -53589 (base 11) in base 12?
-390b8
Convert -30343066 (base 7) to base 3.
-11202121212211
-10010012211 (base 3) to base 6
-1152121
Convert -1f1d9 (base 16) to base 9.
-213740
202201132 (base 4) to base 3
21011222021
What is 67031 (base 13) in base 9?
314188
What is -20055110 (base 6) in base 10?
-567474
Convert 652551 (base 8) to base 10.
218473
-1011001111110010110000 (base 2) to base 10
-2948272
5653622 (base 10) to base 5
2421403442
113303016 (base 7) to base 13
15aab32
57741 (base 10) to base 14
17085
50950 (base 16) to base 11
205a89
-117231 (base 9) to base 8
-212367
Convert 1772d (base 16) to base 9.
155666
Convert 4560115 (base 8) to base 10.
1237069
Convert 11110120 (base 5) to base 9.
157712
Convert 12051324 (base 6) to base 15.
7792d
What is -10213b6 (base 13) in base 12?
-1778000
Convert -65c8ba (base 15) to base 11.
-28142a3
-1123124304 (base 5) to base 7
-304